ed by 85?
81
Calculate the remainder when 1317 is divided by 429.
30
Calculate the remainder when 129 is divided by 44.
41
What is the remainder when 1609 is divided by 62?
59
Calculate the remainder when 13615 is divided by 8.
7
Calculate the remainder when 77 is divided by 53.
24
Calculate the remainder when 189 is divided by 24.
21
What is the remainder when 514 is divided by 58?
50
What is the remainder when 131 is divided by 70?
61
Calculate the remainder when 267 is divided by 66.
3
Calculate the remainder when 8636 is divided by 216.
212
Calculate the remainder when 83 is divided by 70.
13
What is the remainder when 47 is divided by 13?
8
What is the remainder when 10812 is divided by 52?
48
What is the remainder when 29 is divided by 4?
1
Calculate the remainder when 172 is divided by 48.
28
Calculate the remainder when 2871 is divided by 25.
21
Calculate the remainder when 375 is divided by 63.
60
Calculate the remainder when 403 is divided by 136.
131
What is the remainder when 2909 is divided by 56?
53
What is the remainder when 53 is divided by 25?
3
Calculate the remainder when 596 is divided by 141.
32
Calculate the remainder when 84 is divided by 25.
9
What is the remainder when 103 is divided by 7?
5
What is the remainder when 229 is divided by 26?
21
Calculate the remainder when 571 is divided by 22.
21
What is the remainder when 229 is divided by 218?
11
What is the remainder when 200 is divided by 179?
21
Calculate the remainder when 51 is divided by 15.
6
What is the remainder when 1967 is divided by 52?
43
What is the remainder when 34 is divided by 15?
4
What is the remainder when 28 is divided by 15?
13
Calculate the remainder when 5296 is divided by 104.
96
Calculate the remainder when 19107 is divided by 65.
62
What is the remainder when 3262 is divided by 11?
6
What is the remainder when 447 is divided by 121?
84
Calculate the remainder when 526 is divided by 494.
32
Calculate the remainder when 320 is divided by 143.
34
Calculate the remainder when 4751 is divided by 22.
21
Calculate the remainder when 839 is divided by 30.
29
What is the remainder when 52 is divided by 11?
8
Calculate the remainder when 296 is divided by 249.
47
What is the remainder when 193 is divided by 55?
28
What is the remainder when 75 is divided by 19?
18
Calculate the remainder when 483 is divided by 49.
42
What is the remainder when 4277 is divided by 42?
35
What is the remainder when 177 is divided by 33?
12
What is the remainder when 4801 is divided by 49?
48
What is the remainder when 867 is divided by 213?
15
Calculate the remainder when 114 is divided by 10.
4
What is the remainder when 140 is divided by 13?
10
Calculate the remainder when 1138 is divided by 114.
112
What is the remainder when 726 is divided by 88?
22
What is the remainder when 139 is divided by 123?
16
Calculate the remainder when 323 is divided by 31.
13
Calculate the remainder when 377 is divided by 191.
186
What is the remainder when 41 is divided by 22?
19
What is the remainder when 244 is divided by 3?
1
What is the remainder when 10 is divided by 6?
4
Calculate the remainder when 1991 is divided by 21.
17
What is the remainder when 258 is divided by 10?
8
What is the remainder when 114 is divided by 39?
36
Calculate the remainder when 2482 is divided by 69.
67
Calculate the remainder when 36 is divided by 32.
4
What is the remainder when 1768 is divided by 39?
13
What is the remainder when 207 is divided by 10?
7
What is the remainder when 762 is divided by 248?
18
Calculate the remainder when 3942 is divided by 59.
48
What is the remainder when 85 is divided by 10?
5
What is the remainder when 1369 is divided by 229?
224
What is the remainder when 46 is divided by 11?
2
Calculate the remainder when 494 is divided by 39.
26
Calculate the remainder when 219 is divided by 44.
43
What is the remainder when 95 is divided by 29?
8
What is the remainder when 278 is divided by 58?
46
Calculate the remainder when 979 is divided by 20.
19
What is the remainder when 503 is divided by 28?
27
What is the remainder when 223 is divided by 28?
27
What is the remainder when 370 is divided by 75?
70
Calculate the remainder when 327 is divided by 37.
31
What is the remainder when 709 is divided by 79?
77
What is the remainder when 1467 is divided by 74?
61
Calculate the remainder when 1947 is divided by 39.
36
Calculate the remainder when 608 is divided by 40.
8
What is the remainder when 283 is divided by 36?
31
What is the remainder when 71 is divided by 29?
13
What is the remainder when 686 is divided by 85?
6
Calculate the remainder when 306 is divided by 147.
12
Calculate the remainder when 2433 is divided by 21.
18
Calculate the remainder when 17 is divided by 11.
6
Calculate the remainder when 88 is divided by 45.
43
What is the remainder when 1768 is divided by 298?
278
Calculate the remainder when 776 is divided by 15.
11
Calculate the remainder when 105 is divided by 42.
21
What is the remainder when 274 is divided by 97?
80
What is the remainder when 988 is divided by 55?
53
Calculate the remainder when 654 is divided by 131.
130
What is the remainder when 570 is divided by 22?
20
What is the remainder when 303 is divided by 24?
15
Calculate the remainder when 11037 is divided by 133.
131
Calculate the remainder when 205 is divided by 23.
21
Calculate the remainder when 37293 is divided by 148.
145
What is the remainder when 128 is divided by 13?
11
Calculate the remainder when 52 is divided by 9.
7
What is the remainder when 172 is divided by 10?
2
Calculate the remainder when 37 is divided by 25.
12
What is the remainder when 65 is divided by 34?
31
Calculate the remainder when 1138 is divided by 76.
74
What is the remainder when 4493 is divided by 155?
153
What is the remainder when 545 is divided by 91?
90
Calculate the remainder when 221 is divided by 65.
26
Calculate the remainder when 1235 is divided by 206.
205
Calculate the remainder when 347 is divided by 57.
5
Calculate the remainder when 711 is divided by 102.
99
What is the remainder when 556 is divided by 93?
91
What is the remainder when 13943 is divided by 83?
82
Calculate the remainder when 112 is divided by 36.
4
Calculate the remainder when 2276 is divided by 50.
26
Calculate the remainder when 2614 is divided by 11.
7
Calculate the remainder when 10866 is divided by 52.
50
What is the remainder when 393 is divided by 293?
100
What is the remainder when 59 is divided by 17?
8
Calculate the remainder when 201 is divided by 54.
39
Calculate the remainder when 233 is divided by 117.
116
Calculate the remainder when 1544 is divided by 91.
88
Calculate the remainder when 3481 is divided by 9.
7
Calculate the remainder when 244 is divided by 82.
80
What is the remainder when 111 is divided by 32?
15
What is the remainder when 217 is divided by 187?
30
What is the remainder when 71 is divided by 54?
17
Calculate the remainder when 48 is divided by 22.
4
Calculate the remainder when 584 is divided by 10.
4
Calculate the remainder when 80 is divided by 26.
2
Calculate the remainder when 176 is divided by 16.
0
Calculate the remainder when 775 is divided by 8.
7
Calculate the remainder when 1732 is divided by 102.
100
Calculate the remainder when 367 is divided by 249.
118
Calculate the remainder when 2670 is divided by 1320.
30
What is the remainder when 605 is divided by 76?
73
What is the remainder when 181 is divided by 6?
1
What is the remainder when 1131 is divided by 54?
51
Calculate the remainder when 127 is divided by 31.
3
What is the remainder when 622 is divided by 16?
14
What is the remainder when 106 is divided by 22?
18
Calculate the remainder when 3389 is divided by 15.
14
Calculate the remainder when 391 is divided by 28.
27
What is the remainder when 6704 is divided by 22?
16
Calculate the remainder when 407 is divided by 68.
67
Calculate the remainder when 1722 is divided by 561.
39
What is the remainder when 436 is divided by 196?
44
Calculate the remainder when 546 is divided by 50.
46
What is the remainder when 34 is divided by 2?
0
What is the remainder when 34 is divided by 17?
0
What is the remainder when 942 is divided by 342?
258
What is the remainder when 124 is divided by 26?